-3)) + 13.
5
Calculate 15 + -9 - (1 + 6).
-1
Evaluate 21 + -20 + 2 + 3.
6
Evaluate 0 + -13 - (-13 - -5).
-5
What is (-6 - -1) + 29 + -20?
4
Calculate 12 - (18 - 9) - (0 + 5).
-2
What is -1 + 2 + -4 + 2 - -1?
0
15 - ((3 - 3) + 9)
6
What is the value of -1 - -5 - (-6 + 2 - -3)?
5
Calculate -5 - (-3 + -1) - -4 - 1.
2
What is the value of 8 + (-1 - -1) + -2?
6
-2 - (-1 + (-4 - -2) - 1)
2
Calculate 11 - (1 + 8 + 0).
2
What is 6 + -1 + -4 + -2?
-1
Calculate (7 - 13) + 3 + -8 + 9.
-2
(5 - 6) + 1 + -4
-4
Evaluate 5 - (-2 - -7) - -3.
3
What is 2 + (1 - 6) + (5 - 1)?
1
Evaluate -3 + (-1 - (5 - 8)).
-1
What is -11 - (-7 - -1 - 1)?
-4
-2 - (-9 - -4) - (-3 + 4)
2
What is -2 + 12 + -17 + 10?
3
Calculate (-3 + 2 - -6) + 29 + -36.
-2
Evaluate -1 + (-4 + 5 - 6).
-6
(-2 - -4 - -1) + 6 + -11
-2
What is 7 + (-16 - (11 + -4 - 5))?
-11
What is the value of (-9 - 0) + (46 - 40)?
-3
Calculate -3 - (2 + -1) - -3.
-1
What is (-6 - -2) + (4 + -11 - -13)?
2
Calculate 8 + -15 + -4 + 9.
-2
-1 + (-5 - 0) + 3 + 0
-3
Evaluate -1 + 6 + (1 - 3).
3
What is the value of 0 - (1 + 2) - (-353 + 356)?
-6
3 + 7 + 0 + -8
2
Calculate (-15 - (3 - 10)) + 3.
-5
What is -7 + (4 - (3 - (7 - 5)))?
-4
9 + (-11 - -7 - 6)
-1
What is the value of (-1 + 0 - (1 - 1)) + -4?
-5
What is (2 - -6 - 3) + -8?
-3
114 + -118 - (-3 + -2)
1
What is the value of -3 - 2 - (-1 + 1)?
-5
Evaluate 9 - (-3 + 7 + 3).
2
Evaluate -1 + (0 - (4 + -8)).
3
Calculate (-3 - (4 - 3)) + 1.
-3
-3 + -6 + 7 - 4 - -12
6
Evaluate -10 + (1 + 5 - 4).
-8
Calculate -3 - -3 - (-9 + 6).
3
Evaluate 1 + 4 - (2 + -1 + -1).
5
1 + -3 + 5 + -1
2
Evaluate 1 + 0 - (2 + (0 - -1)).
-2
Calculate 3 - -2 - ((7 - 5) + 3).
0
What is the value of 0 - (-1 - 1) - 7?
-5
Calculate 4 + 2 - 8 - (-1 + 1).
-2
What is 2 - (-5 - (-5 - (4 + -1)))?
-1
Calculate -2 - (1 - (3 + -4)) - -4.
0
What is 2 - -1 - (0 + 2 + 1)?
0
Evaluate 6 + (-1 + -2 - 1).
2
Calculate 2 - (1 + 4 + 2 + -3).
-2
Evaluate 6 + -10 + 4 + -1 + -2.
-3
Evaluate -2 + 1 - (-2 + 9 + -4).
-4
-4 + (-1 + 7 - (-3 + 5))
0
What is the value of -6 + (6 - 1) + (3 - -2)?
4
Evaluate (9 - 4) + (-4 - 1).
0
Calculate 35 + -29 - (3 - (-1 + 1)).
3
Calculate -8 - (7 + -8 - 2).
-5
What is 3 - (7 - (8 + (-1 - -1)))?
4
Evaluate 1 + (4 - 3) - (-3 + 0).
5
Calculate -2 + (-2 - ((5 - 2) + -4)).
-3
Calculate (-5 - 1) + 0 + 3 + -1.
-4
Evaluate (5 - 10 - -1) + (0 - -9).
5
What is (-3 - -3) + (-12 - (-1 + -8))?
-3
Calculate -4 + (-3 + 7 - 2).
-2
Evaluate 7 - (-7 - (-5 + 7 - 19)).
-3
What is 16 + -22 + 9 + (-1 - -1)?
3
Evaluate (5 - (1 - 1)) + 0.
5
What is -2 - 5 - (-15 + 7)?
1
-7 + 11 + (2 - 6 - 0)
0
2 - -2 - 1 - 4
-1
What is (0 - (4 + 1 + -3)) + -5?
-7
Calculate -5 + 11 + -6 + -2 - 2.
-4
Evaluate -17 - (-13 - (9 + -9)).
-4
What is the value of (0 + 3 - (8 - 7)) + -2?
0
What is the value of 1 - (-10 - -2) - 4?
5
What is -3 + -1 + 3 - 2?
-3
Evaluate -10 + 1 + (-50 - -62).
3
Calculate (-4 - (0 + -4)) + 2.
2
Calculate 12 - ((10 - 7) + 4).
5
-48 + 51 - (1 - 5 - -1)
6
Evaluate 1 - (2 + -3) - (0 - 4).
6
What is the value of -2 + 1 + 5 + -8?
-4
Evaluate -12 + 18 + -4 + -4.
-2
Evaluate 5 + -1 - -1 - (-46 + 52).
-1
What is -5 + (9 - (-9 - -8))?
5
What is 4 + (-2 - (1 + 2))?
-1
What is (2 - (-6 + 2)) + -1?
5
Calculate -1 + (-6 - -2) - -12.
7
What is the value of (-2 - 3) + (0 - -3)?
-2
Calculate 6 - (-4 + 1) - (8 - 3).
4
What is -1 - (1 + (-14 - -4 - 0))?
8
What is (5 - 11) + 6 + (2 - -1)?
3
Evaluate (4 - (-1 + 2 + 1)) + 3.
5
(6 - -6 - 4) + -7
1
What is the value of 3 - (-1 + -2 + 3)?
3
Evaluate -3 + (1 - -1) - (-2 - 4).
5
What is -3 - -1 - 5 - -5 - -1?
-1
Calculate 1 - -2 - 8 - 0.
-5
Evaluate 0 + -3 - (3 - 4) - 1.
-3
What is 3 + ((-6 - -13) + -3 - 2)?
5
Evaluate -9 + 4 + (-2 - -3) + 1.
-3
What is (-10 - -8) + 6 - -4?
8
Evaluate -6 + 3 + 0 + 4 - -3.
4
7 - 10 - (7 - 9)
-1
What is the value of 15 + -7 + -9 + (5 - 3)?
1
2 + -2 - (23 + -15 + -12)
4
1 - (0 - 0) - -2
3
What is the value of (2 + -3 - 1) + (1 - 0)?
-1
What is 9 + -1 - (-14 - -16) - 5?
1
What is the value of (0 - (4 - (-4 - -3))) + 4?
-1
What is the value of 207 + -208 + (6 - 1)?
4
Evaluate 1 - (2 - -3 - 5 - 3).
4
Evaluate -2 - (-1 + 3 - (-1 - -1)).
-4
11 + -24 - (-7 - 0) - -8
2
What is the value of 0 - 2 - (8 + -11)?
1
Calculate -7 + 3 + 4 + 2.
2
Calculate -11 + -3 + 8 - (7 + -6).
-7
What is (-7 - -3) + 13 - 4?
5
Evaluate (-8 - 4) + 6 + 3.
-3
What is (-2 - 1) + 8 - (7 - -3)?
-5
What is -8 + 6 + 4 + (-3 - 1)?
-2
What is the value of 7 + (-17 - (-8 + 3))?
-5
What is the value of 5 + (5 - 14) + (1 - -1)?
-2
What is (-3 - ((3 - 9) + 1)) + -6?
-4
Calculate 1 - (2 + 4 + -6 + 2).
-1
What is the value of 99 + -104 - (-13 - 2)?
10
9 + -4 - (-5 - -12)
-2
What is the value of -2 + -1 + 1 + 2?
0
8 - (-10 + -1 - -10)
9
What is -4 - 4 - (-14 + (-1 - -6))?
1
What is 2 - (1 - (-1 - 6 - -3))?
-3
-44 + 44 + -1 + 7 + -1
5
What is the value of -10 - (-6 - (9 + -7))?
-2
Calculate -11 - (-7 + -7 + 9).
-6
Calculate (-6 + 2 - (-2 - 6)) + -3.
1
Calculate 3 + -7 + -7 + -1 + 18.
6
Evaluate -2 + 5 + (-5 - (-3 - -2)).
-1
Evaluate 0 - (-2 - 6) - 14.
-6
-5 + (7 - 0) + 1 + 1
4
What is -6 + 9 + (2 - 2)?
3
Calculate -4 + 2 + -10 + 7.
-5
Evaluate -9 + (5 - 5 - -9).
0
(0 - 0) + -1 + (51 - 46)
4
Evaluate -1 + 3 + -4 + 2.
0
What is the value of -11 + 12 + 2 + -1?
2
What is the value of -3 + 2 + 2 + 0?
1
Evaluate (3 - -1) + -3 + -5 - -7.
3
What is 11 + -12 - (-2 - 1)?
2
-10 - -10 - ((-1 - -3) + 1)
-3
What is 9 + -4 + (3 - (7 - 1))?
2
What is -6 - 1 - (22 + -23)?
-6
What is the value of (-1 - (-2 - (0 - -2))) + 2?
5
What is the value of 6 + -3 + -8 + 0 - 1?
-6
What is -4 + (-7 - -7) + -5 + 9?
0
What is the value of 10 - (-9 + 6 - -20)?
-7
Evaluate 5 + (-1 - -1) + -9.
-4
Calculate 4 + (4 + -3 + 0 - 0).
5
What is the value of -3 + (-2 - -1) - 0 - -4?
0
(13 - 28 - -14) + -2 + -4
-7
-3 - -7 - (4 + 2) - 1
-3
What is (-11 - (-4 + -4)) + -7 - -1?
-9
(-3 + 0 - (-2 - -3)) + 0
-4
Calculate (0 - -4 - (-2 + -2)) + -4.
4
0 + -4 + (7 - 8)
-5
-2 + -7 + 15 - (3 - -7)
-4
What is the value of 7 - (-6 - (-9 - 1))?
3
What is the value of -15 - -4 - (0 + 0)?
-11
(6 - -1) + (-5 + 7 - 5)
4
-3 + 3 + (-1 - -2) - 1
0
Evaluate 5 + 9 - 7 - (-3 + 17).
-7
What is -10 - -7 - (3 + 0)?
-6
What is (-1 - -2) + (-4 - -2)?
-1
Calculate (19 - 3 - 14) + -1 + -8.
-7
What is 0 - ((1 - (-2 - -5)) + 2)?
0
What is 6 + (10 - 22) - -7?
1
Calculate (1 - 2) + (24 - 23) - 3.
-3
What is 12 + -23 + 12 + -4?
-3
What is the value of 1 + 6 + -3 + 3 - 6?
1
-5 + (12 - 5) + 7
9
Calculate 4 - 6 - (4 + -2).
-4
(-13 + 3 + 1 - -4) + 6
1
5 + (-2 - (-2 - (0 - 6)))
-1
What is the value of (-10 - -6) + 9 + -1?
4
What is 7 + -9 + 6 + -3?
1
Calculate (5 - 20 - (-3 + -4)) + 0.
-8
Calculate 1 - 6 - (-4 + -1 + -1).
1
What is -3 + 0 - 1 - 3?
-7
0 - (2 + 2 - 5)
1
What is the value of 2 - (5 + -4 + -2 + 6)?
-3
What is the value of (-11 + 6 - (-4 + -6)) + 3?
8
Calculate 0 + (-2 - 1) + 4 + 0.
1
Calculate (-413 - -419) + (-12 - (-1 - -2)).
-7
What is (-4 - -1) + (-8 - -2) + 3?
-6
What is the value of -2 - (-3 - (-5 + -3))?
-7
What is the value of 2 + (-4 - (-1 - -1))?
-2
What is 4 - -3 - (8 + -1 + -1)?
1
What is -4 + 6 + -2 + -2?
-2
(-1 - -4) + (-3 - (3 + -7))
4
What is 3 - (9 - (5 - 0))?
-1
(-17 - 0) + -99 + 105
-11
(0 - 2) + (6 - 8)
-4
What is the value of -89 + 91 - (-1 - -1 - -2)?
0
What is the value of (0 - -3) + -7 + 0?
-4
Calculate -6 - (4 - 4 - 7).
1
9 + (-2 - 1) - 1
5
What is 3 - (-3 - (4 + -5))?
5
What is the value of 3 + ((5 - 3) + -3 - 3)?
-1
What is -8 - (-1 - 6 - -4)?
-5
What is -1 + 6 + (0 - 1)?
4
Calculate 0 - (6 + 2 + -7).
-1
Calculate -9 - (-18 + 7) - (8 + -2).
-4
(3 + -8 - -3) + 5
3
Calculate -4 - -1 - (2 + -2 - -1).
-4
Evaluate 0 + 4 + -6 + 0 + -3.
-5
What is (0 - -2) + 7 + -8 + -5?
-4
10 - (15 + -10 + 6)
-1
Evaluate (-4 - (-10 + 4 - -2)) + 3.
3
4 - 0 - (-12 - -11)
5
Calculate (-2 - 3) + -2 - (-2 - -1).
-6
What is the value of 1 + 10 + -7 - 9?
-5
What is (-3 - (1 + -3) - -4) + 1?
4
What is the value of -18 - -17 - (9 - 2)?
-8
Calculate (-4 - -6) + -3 + -4.
-5
Evaluate 2 + 3 + -8 + -5 + 8.
0
Evaluate -12 - (-5 - -15 - 18).
-4
-3 + (7 + -6 - 3)
-5
14 + -15 - (-1 - (2 + -2))
0
Evaluate -5 - (-7 - -8 - (12 - -1)).
7
Evaluate 3 + 0 + -5 - 3.
-5
Calculate 0 - 7 - (42 + -54).
5
Calculate -1 + (-7 - (-8 + 3)).
-3
Evaluate -2 + (-4 - (0 + -5)).
-1
4 - (3 + -1 - (-26 + 27))
3
(8